ed by x(3).
21
Let s(p) = p**3 - 9*p**2 + 10*p + 11. Let t = -5 + 13. What is the remainder when s(t) is divided by 15?
12
Suppose -21 = -5*v + 2*v + 3*t, 2*v = -3*t - 6. Let z(y) = 2*y**2 + y. Calculate the remainder when (-299)/(-11) - (v - 93/33) is divided by z(2).
7
Suppose 7 = -3*r - 2. Suppose 8*f - 11*f + 57 = 0. Calculate the remainder when f is divided by ((-4)/r)/(12/90).
9
Calculate the remainder when 5 + (-20)/5 - -47 is divided by (26/(-8))/(3/(-12)).
9
Calculate the remainder when 586 is divided by (-204)/340 + 5/(50/196).
16
Let u = 141 - 128. Calculate the remainder when (-118)/(-3) - (-3)/(-9) is divided by -2 + 1 + -1 + u.
6
Suppose 0 = -5*z - 5*y + 84 + 166, -4*y - 150 = -3*z. What is the remainder when 149 is divided by z?
49
Let n(o) = -o**3 - 15*o**2 - 14*o + 45. What is the remainder when n(-14) is divided by 34?
11
Let b be 190/40*(1 - -23). Suppose j + b = 4*t, 2*t + j - 31 = t. Calculate the remainder when t is divided by 8.
5
What is the remainder when (10/30)/((-3)/(-2529)) is divided by 71?
68
Let b(y) = y**3 + 5*y**2 + 11. Let v be b(-5). Suppose -3*i + v*i - 1128 = 0. What is the remainder when i is divided by 29?
25
Suppose -5*m + 3 + 7 = 0. Suppose -20 = 4*i, 2*x - 7*x = 2*i - 250. Calculate the remainder when x is divided by 3/(2/m)*9.
25
Suppose -2*d + 6 = -2. Suppose 177 = d*n - p, 5*p = 2*n + 2*n - 165. Let m = 39 + -23. What is the remainder when n is divided by m?
13
Let b = -13 - -29. Suppose -19 = 2*a - 23, 0 = r + 3*a - 83. Calculate the remainder when r is divided by b.
13
Suppose 2*r - 25 = -y, 4*r - 2*r - 5*y - 31 = 0. Suppose -q + r = 2*f, -4*f + q + q = -38. What is the remainder when f is divided by 4?
0
Suppose -2*f + 3*s = -34, -3*s = -3*f - 0*s + 51. Let o = 14 + -10. Suppose f = j + p + p, o*j - 75 = -p. What is the remainder when 37 is divided by j?
18
Suppose -38*k + 41*k - 96 = 0. What is the remainder when 102 is divided by k?
6
Suppose -25 = -3*a + 68. Calculate the remainder when a is divided by 1*(9 - 10) + 6.
1
Let o = 133 - 125. What is the remainder when 23 is divided by o?
7
Suppose -4*k = -2*d - 4, -5*k + d + 0*d + 11 = 0. Suppose 5*m = -4*r + 9, -34 = -5*r - 54. Calculate the remainder when m is divided by k.
2
Let d = -483 + 487. What is the remainder when 8 is divided by d?
0
Suppose -1 - 3 = -2*j. Suppose 0*d + 49 = 2*d + f, -j*f = -2. Let w(l) = 2*l**2 + 4*l + 3. What is the remainder when d is divided by w(-3)?
6
Suppose 0*z = z - 5*p - 14, 0 = -z - 2*p + 7. Let t = z + 6. What is the remainder when (-29)/((-1)/(-4 - -6)) is divided by t?
13
Suppose -5*d + 32 + 4 = a, 4*a = 5*d + 244. What is the remainder when 166 is divided by a?
54
Calculate the remainder when 658 is divided by (-18)/(-48) - 525/(-8).
64
Suppose -228 = -3*y - 4*r - 18, -y - 4*r = -78. Let c(v) = -2*v**2 + 8 - 7 - 32*v**3 + 15*v**3 - v. Calculate the remainder when y is divided by c(-1).
15
Let f(u) = 33*u - 1. Suppose -40*m - 11 = -41*m. Calculate the remainder when f(1) is divided by m.
10
Let s = 311 + -289. What is the remainder when 129 is divided by s?
19
Suppose 2*t - 42 = 64. Let n(w) = 2*w**2 + 72*w + 375. What is the remainder when t is divided by n(-30)?
8
Suppose 5*n - 5 = 0, n - 577 = b - 5*b. What is the remainder when 558 is divided by b?
126
Let u(f) = 0*f**3 + 6*f**2 + f**3 + 0 + 5. Let o be u(-6). Suppose 3*c + g - 52 = 0, 0 = -3*c + g - o + 55. What is the remainder when 67 is divided by c?
16
Suppose -259*n = -263*n + 112. Suppose -5*d + 46 + 29 = 0. Calculate the remainder when n is divided by d.
13
Let p(a) = -a**3 + 5*a**2 + 5*a + 73. What is the remainder when 151 is divided by p(6)?
17
Let w be (4/8)/(1/10). Suppose w*t + 21 - 101 = 0. What is the remainder when t is divided by 10?
6
Let r = -108 - -111. Suppose 4*s - 20 - 8 = 0. Suppose r*b = -j + s*b - 4, b = -2*j + 28. What is the remainder when j is divided by 7?
5
Let w = -8 - -7. Let d be 1/(2*w/(-4)). Suppose a - 6 = -d*a. What is the remainder when 5 is divided by a?
1
Let u(z) = -7*z - 4. Let t be u(-3). Let w = t - -29. What is the remainder when w is divided by 13?
7
Suppose 0 = 82*p - 106*p + 1416. What is the remainder when p is divided by 8?
3
Suppose 31 = l + a - 17, 0 = -5*l - a + 240. What is the remainder when l is divided by (-14)/(-4)*(31 - 29)?
6
What is the remainder when 115 is divided by (3/4)/(-5 + 1452/288)?
7
Let i(q) = -q**3 - 7*q**2 - 9*q - 8. Suppose 0 = 3*d - 80 + 23. What is the remainder when d is divided by i(-6)?
9
Let r(t) = -3*t**3 + 3*t**2 - t + 5. What is the remainder when r(-3) is divided by 40?
36
Let k be -5*1*8/(-4). Let t be k*((-16)/(-2) - 2). Suppose -t = -4*c - 0*c. Calculate the remainder when 72 is divided by c.
12
Let v = -211 + 248. Calculate the remainder when v is divided by 14.
9
Let o = 5 - 5. Suppose o = 3*w + 2*w - 15. Suppose -w = s - 6. What is the remainder when 3 is divided by s?
0
Suppose 3*t = t + 78. Suppose 2*b + 9 - 29 = 0. Calculate the remainder when t is divided by 12 - ((-4)/5)/(4/b).
11
Let g = -4 + 7. Let w = 2 + g. Let h = -939 - -951. What is the remainder when h is divided by w?
2
Suppose -4*i + 20*v = 22*v - 108, 4*v = 4*i - 132. What is the remainder when 111 is divided by i?
24
Let c(z) = -5*z**2 + 15*z - 6. Let q be c(6). What is the remainder when 95 is divided by (q/(-28))/((-4)/(-28))?
23
Let x(y) = 91*y**2 + y - 1. Let b be x(1). What is the remainder when 10 is divided by (26/b)/(1/7)?
0
Let t = 80 + -36. Suppose 0 = 4*s - 3*o - t - 0, -4*o = -4*s + 40. Calculate the remainder when -3 + 11/((-44)/(-224)) is divided by s.
11
Let y = -140 + 287. Calculate the remainder when y is divided by 56.
35
Let k = 0 + 15. Let o(n) = 9*n**2 - 65*n + 143. Calculate the remainder when o(4) is divided by k.
12
Let b(h) = 2*h + 8. Let n be b(-7). Let c = n - -8. Calculate the remainder when 4 is divided by 1 + (5 - 3)/c.
0
Let j(a) = -4*a + 28. Suppose 3 = -2*p + 4*d - 11, -2*d = 6. What is the remainder when j(p) is divided by 27?
26
Calculate the remainder when 43/9 - (-4)/18 is divided by 5.
0
Let a = -19 - -11. Let t be (-2)/(48/(-534)) + 3/(-12). Let w = t - a. Calculate the remainder when 57 is divided by w.
27
Let h(z) = z + 7. Let m be h(5). Suppose -5*y - 3 = 3*l - m, 0 = 5*l - 2*y - 15. Let j(s) = 2*s**2 - 2*s. Calculate the remainder when 23 is divided by j(l).
11
Suppose -2*y + 27 = y. Let w = y - -28. Calculate the remainder when w is divided by 20/(-2)*(-1 - 0).
7
Suppose 4*q = -3*v - 11, 4*v + 4*q - 4 = -12. Suppose -v*y = -p - 0*y + 21, 0 = -2*p - y + 77. Calculate the remainder when p is divided by 10.
6
Let g(f) = -13*f + 4. Let m be (5 - 2) + -1*7. Calculate the remainder when g(m) is divided by (-40)/3*((-63)/(-14) + -6).
16
Suppose -4*v + 44 = 4*g, -4*v + g = -13 - 36. What is the remainder when 57 is divided by v?
9
Let u(j) = 3*j**2 + j + 1. Suppose -11*a = -2*a. Suppose -5*f + 88 = -w - 57, -4*f - 2*w + 130 = a. What is the remainder when f is divided by u(-2)?
8
Calculate the remainder when (45/18 - 9/6)*348 is divided by 59.
53
Suppose 276 = 8*q - 276. Calculate the remainder when 198 is divided by q.
60
Let k(c) = c**3 - 4*c**2 - 21*c - 41. What is the remainder when 421 is divided by k(8)?
45
What is the remainder when 257 is divided by (-5)/(-45)*9*66?
59
Let j(f) = 43*f**2 + 3*f + 4. Let b be j(-1). Let i = -4 + b. What is the remainder when i is divided by 23?
17
Suppose 3*j + 11 - 156 = -2*z, -z + 40 = -5*j. What is the remainder when 907 is divided by z?
62
Let s(c) = -c**3 + 14*c**2 - 23*c + 7. What is the remainder when 204 is divided by s(12)?
14
Let i = -24 - -37. Let k(c) = -c**3 - 3*c**2 + 4*c + 4. Let j be k(-4). Calculate the remainder when j/(-16) + 249/4 is divided by i.
10
Suppose 13*i = 252 + 840. Calculate the remainder when i is divided by 17.
16
Suppose 7*q = 198 + 180. What is the remainder when q is divided by 12?
6
Let r(q) = 1311*q**2 + q - 1. Let a be r(-1). Suppose -5*j - a = -22*j. Calculate the remainder when j is divided by 39.
38
Let q = -551 + 585. What is the remainder when 542 is divided by q?
32
Suppose 5*r + 557 = 3*m, r = -r + 2*m - 226. Let l = r - -69. What is the remainder when 20 is divided by (-6)/8 - 470/l?
9
Suppose -2*n + 2*t = -40, -n + 2*t = 5*t - 12. Let s = n - 2. What is the remainde